{"id":42,"date":"2025-09-13T21:05:40","date_gmt":"2025-09-13T21:05:40","guid":{"rendered":"https:\/\/amad-loire.fr\/?page_id=42"},"modified":"2026-01-16T19:29:44","modified_gmt":"2026-01-16T17:29:44","slug":"accueil-de-jour","status":"publish","type":"page","link":"https:\/\/amad-loire.fr\/?page_id=42","title":{"rendered":"Accueil de jour"},"content":{"rendered":"\t\t<div data-elementor-type=\"wp-page\" data-elementor-id=\"42\" class=\"elementor elementor-42\">\n\t\t\t\t<div class=\"elementor-element elementor-element-2875b33 e-flex e-con-boxed e-con e-parent\" data-id=\"2875b33\" data-element_type=\"container\">\n\t\t\t\t\t<div class=\"e-con-inner\">\n\t\t\t\t<div class=\"elementor-element elementor-element-840e7f1 elementor-widget elementor-widget-cta\" data-id=\"840e7f1\" data-element_type=\"widget\" data-settings=\"{&quot;layout_preset&quot;:&quot;streamline&quot;,&quot;content_alignment&quot;:&quot;center&quot;,&quot;content_alignment_tablet&quot;:&quot;center&quot;,&quot;content_alignment_mobile&quot;:&quot;center&quot;,&quot;primary_button_shape&quot;:&quot;default&quot;,&quot;cta_width&quot;:&quot;default&quot;,&quot;cta_position&quot;:&quot;default&quot;,&quot;box_shape&quot;:&quot;sharp&quot;}\" data-widget_type=\"cta.default\">\n\t\t\t\t<div class=\"elementor-widget-container\">\n\t\t\t\t\t\t\t<div class=\"has-shape-sharp shape-type-box ehp-cta has-preset-streamline\">\n\t\t\t<div class=\"ehp-cta__overlay\"><\/div>\n\t\t\t<div class=\"ehp-cta__elements-container\">\n\t\t\t\t\t\t<div class=\"ehp-cta__text-container\">\n\t\t\t<h2 class=\"ehp-cta__heading\">L' Accueil de jour les Muriers<\/h2><p class=\"ehp-cta__description\"><div style=\"font-family: 'Poppins', sans-serif;font-size: 18px;line-height: 1.7;color: #333\">\n\n  <h3 style=\"color:#bf246b;margin-bottom:15px\">Accueil de jour Alzheimer<\/h3>\n\n  <p>\n    Nous accueillons les personnes \u00e2g\u00e9es atteintes de la maladie d\u2019Alzheimer \n    ou de troubles apparent\u00e9s, du <strong>lundi au vendredi de 9h30 \u00e0 16h30<\/strong>.\n  <\/p>\n\n  <p>\n    La journ\u00e9e est rythm\u00e9e par des <strong>activit\u00e9s th\u00e9rapeutiques, ludiques et de bien-\u00eatre<\/strong> \n    visant \u00e0 pr\u00e9server l\u2019autonomie (travail de la m\u00e9moire, des capacit\u00e9s physiques, des praxies\u2026) \n    et \u00e0 favoriser le lien social.\n  <\/p>\n\n  <p>\n    Les personnes sont accueillies par groupes tout au long de la semaine, \n    dans un souci constant de proposer un <strong>accompagnement de qualit\u00e9<\/strong> \n    et des activit\u00e9s adapt\u00e9es \u00e0 chacun.\n  <\/p>\n\n  <h4 style=\"color:#bf246b;margin-top:25px\">Repas et soins<\/h4>\n  <p>\n    \u2013 Le <strong>repas<\/strong> est pris sur place et pr\u00e9par\u00e9 avec soin par les cuisines d\u2019AMAD.<br>\n    \u2013 La <strong>prise des m\u00e9dicaments<\/strong> et les <strong>soins d\u2019hygi\u00e8ne<\/strong> \n      sont assur\u00e9s tout au long de la journ\u00e9e par l\u2019\u00e9quipe soignante.\n  <\/p>\n\n  <h4 style=\"color:#bf246b;margin-top:25px\">Transport<\/h4>\n  <p>\n    Le transport peut \u00eatre assur\u00e9 directement par l\u2019accueil de jour \n    (<em>compris dans le tarif de s\u00e9jour<\/em>).  \n    Il peut \u00e9galement \u00eatre r\u00e9alis\u00e9 par l\u2019entourage, <strong>Handistas<\/strong> ou un <strong>taxi ambulance<\/strong>.\n  <\/p>\n\n  <h4 style=\"color:#bf246b;margin-top:25px\">Tarifs et financements<\/h4>\n  <p>\n    Le tarif varie selon l\u2019\u00e9tat de d\u00e9pendance du patient \n    (<a href=\"#\" style=\"color:#bf246b;font-weight:bold\">voir la page Tarifs<\/a>).  \n    Une partie du co\u00fbt peut \u00eatre financ\u00e9e par le D\u00e9partement via un dossier <strong>APA<\/strong>.\n  <\/p>\n\n  <p>\n    Nous vous accompagnons dans la r\u00e9alisation de ce dossier, mais il est <strong>imp\u00e9ratif<\/strong> \n    de le d\u00e9poser au plus vite d\u00e8s l\u2019annonce du diagnostic.\n  <\/p>\n\n  <p>\n    \ud83d\udc49 Vous pouvez t\u00e9l\u00e9charger directement le dossier APA ici :  \n    <a href=\"https:\/\/www.loire.fr\/jcms\/lw_1429201\/fr\/dossier-de-demande-d-allocation-personnalisee-d-autonomie-apa-a-domicile\" style=\"color:#bf246b;font-weight:bold\">Dossier APA \u2013 D\u00e9partement de la Loire<\/a>.\n  <\/p>\n\n  <p>\n    Les accueils de jour b\u00e9n\u00e9ficient de <strong>financements publics<\/strong> \n    pour les soins et la d\u00e9pendance.  \n    Pour plus d\u2019informations sur le d\u00e9tail des tarifs, reportez-vous \u00e0 la page d\u00e9di\u00e9e.\n  <\/p>\n\n<\/div>\n<\/p>\t\t<\/div>\n\t\t\t\t\t<div class=\"ehp-cta__ctas-container has-cta-width-default\">\n\t\t\t\t<div class=\"ehp-cta__buttons-wrapper\">\n\t\t\t\t\t\t\t<a class=\"has-shape-default shape-type-button ehp-button ehp-button--primary ehp-cta__button ehp-cta__button--primary is-type-button\" href=\"https:\/\/amad-loire.fr\/?page_id=44\">\n\t\t\t\t\t<span class=\"ehp-button__text ehp-cta__button-text ehp-cta__button-text--primary\">\n\t\t\tNos tarifs\t\t\t\t<\/a>\n\t\t\t\t\t\t\t\t\t\t\t<\/div>\n\t\t\t<\/div>\n\t\t\t\t\t<\/div>\n\t\t<\/div>\n\t\t\t\t\t\t<\/div>\n\t\t\t\t<\/div>\n\t\t\t\t<div class=\"elementor-element elementor-element-4b18b88 elementor-widget__width-initial e-transform elementor-widget elementor-widget-image\" data-id=\"4b18b88\" data-element_type=\"widget\" data-settings=\"{&quot;_transform_scale_effect&quot;:{&quot;unit&quot;:&quot;px&quot;,&quot;size&quot;:&quot;&quot;,&quot;sizes&quot;:[]},&quot;_transform_scale_effect_tablet&quot;:{&quot;unit&quot;:&quot;px&quot;,&quot;size&quot;:&quot;&quot;,&quot;sizes&quot;:[]},&quot;_transform_scale_effect_mobile&quot;:{&quot;unit&quot;:&quot;px&quot;,&quot;size&quot;:&quot;&quot;,&quot;sizes&quot;:[]}}\" data-widget_type=\"image.default\">\n\t\t\t\t\t\t\t\t\t\t\t\t\t\t\t<img fetchpriority=\"high\" decoding=\"async\" width=\"1242\" height=\"316\" src=\"https:\/\/amad-loire.fr\/wp-content\/uploads\/2026\/01\/Accueil-de-jour.png\" class=\"attachment-full size-full wp-image-1219\" alt=\"\" srcset=\"https:\/\/amad-loire.fr\/wp-content\/uploads\/2026\/01\/Accueil-de-jour.png 1242w, https:\/\/amad-loire.fr\/wp-content\/uploads\/2026\/01\/Accueil-de-jour-300x76.png 300w, https:\/\/amad-loire.fr\/wp-content\/uploads\/2026\/01\/Accueil-de-jour-1024x261.png 1024w, https:\/\/amad-loire.fr\/wp-content\/uploads\/2026\/01\/Accueil-de-jour-768x195.png 768w\" sizes=\"(max-width: 1242px) 100vw, 1242px\" \/>\t\t\t\t\t\t\t\t\t\t\t\t\t\t\t<\/div>\n\t\t\t\t\t<\/div>\n\t\t\t\t<\/div>\n\t\t<div class=\"elementor-element elementor-element-ada7ecc e-flex e-con-boxed e-con e-parent\" data-id=\"ada7ecc\" data-element_type=\"container\">\n\t\t\t\t\t<div class=\"e-con-inner\">\n\t\t\t\t\t<\/div>\n\t\t\t\t<\/div>\n\t\t<div class=\"elementor-element elementor-element-1afdf97 e-flex e-con-boxed e-con e-parent\" data-id=\"1afdf97\" data-element_type=\"container\">\n\t\t\t\t\t<div class=\"e-con-inner\">\n\t\t\t\t<div class=\"elementor-element elementor-element-8a5d847 elementor-widget elementor-widget-image\" data-id=\"8a5d847\" data-element_type=\"widget\" data-widget_type=\"image.default\">\n\t\t\t\t\t\t\t\t\t\t\t\t\t\t\t<img decoding=\"async\" width=\"512\" height=\"512\" src=\"https:\/\/amad-loire.fr\/wp-content\/uploads\/2025\/12\/Loire-departement.jpg\" class=\"attachment-large size-large wp-image-742\" alt=\"\" srcset=\"https:\/\/amad-loire.fr\/wp-content\/uploads\/2025\/12\/Loire-departement.jpg 512w, https:\/\/amad-loire.fr\/wp-content\/uploads\/2025\/12\/Loire-departement-300x300.jpg 300w, https:\/\/amad-loire.fr\/wp-content\/uploads\/2025\/12\/Loire-departement-150x150.jpg 150w\" sizes=\"(max-width: 512px) 100vw, 512px\" \/>\t\t\t\t\t\t\t\t\t\t\t\t\t\t\t<\/div>\n\t\t\t\t\t<\/div>\n\t\t\t\t<\/div>\n\t\t<div class=\"elementor-element elementor-element-31db0a4 e-flex e-con-boxed e-con e-parent\" data-id=\"31db0a4\" data-element_type=\"container\">\n\t\t\t\t\t<div class=\"e-con-inner\">\n\t\t\t\t<div class=\"elementor-element elementor-element-e8e6c08 elementor-widget elementor-widget-image\" data-id=\"e8e6c08\" data-element_type=\"widget\" data-widget_type=\"image.default\">\n\t\t\t\t\t\t\t\t\t\t\t\t\t\t\t<img decoding=\"async\" width=\"300\" height=\"300\" src=\"https:\/\/amad-loire.fr\/wp-content\/uploads\/2025\/12\/dADuW9oh_400x400-300x300.jpg\" class=\"attachment-medium size-medium wp-image-993\" alt=\"\" srcset=\"https:\/\/amad-loire.fr\/wp-content\/uploads\/2025\/12\/dADuW9oh_400x400-300x300.jpg 300w, https:\/\/amad-loire.fr\/wp-content\/uploads\/2025\/12\/dADuW9oh_400x400-150x150.jpg 150w, https:\/\/amad-loire.fr\/wp-content\/uploads\/2025\/12\/dADuW9oh_400x400.jpg 400w\" sizes=\"(max-width: 300px) 100vw, 300px\" \/>\t\t\t\t\t\t\t\t\t\t\t\t\t\t\t<\/div>\n\t\t\t\t\t<\/div>\n\t\t\t\t<\/div>\n\t\t<div class=\"elementor-element elementor-element-5f723af e-flex e-con-boxed e-con e-parent\" data-id=\"5f723af\" data-element_type=\"container\">\n\t\t\t\t\t<div class=\"e-con-inner\">\n\t\t<div class=\"elementor-element elementor-element-da79b2d e-con-full e-flex e-con e-child\" data-id=\"da79b2d\" data-element_type=\"container\">\n\t\t<div class=\"elementor-element elementor-element-7253aab e-con-full e-flex e-con e-child\" data-id=\"7253aab\" data-element_type=\"container\">\n\t\t<div class=\"elementor-element elementor-element-5eaf8c0 e-con-full e-flex e-con e-child\" data-id=\"5eaf8c0\" data-element_type=\"container\">\n\t\t\t\t<div class=\"elementor-element elementor-element-5468f88 elementor-widget elementor-widget-google_maps\" data-id=\"5468f88\" data-element_type=\"widget\" data-widget_type=\"google_maps.default\">\n\t\t\t\t\t\t\t<div class=\"elementor-custom-embed\">\n\t\t\t<iframe loading=\"lazy\"\n\t\t\t\t\tsrc=\"https:\/\/maps.google.com\/maps?q=18%20rue%20cl%C3%A9ment%20Ader%2042160&#038;t=m&#038;z=11&#038;output=embed&#038;iwloc=near\"\n\t\t\t\t\ttitle=\"18 rue cl\u00e9ment Ader 42160\"\n\t\t\t\t\taria-label=\"18 rue cl\u00e9ment Ader 42160\"\n\t\t\t><\/iframe>\n\t\t<\/div>\n\t\t\t\t\t\t<\/div>\n\t\t\t\t<\/div>\n\t\t\t\t<\/div>\n\t\t\t\t<\/div>\n\t\t\t\t\t<\/div>\n\t\t\t\t<\/div>\n\t\t\t\t<\/div>\n\t\t","protected":false},"excerpt":{"rendered":"<p>L&rsquo; Accueil de jour les Muriers Accueil de jour Alzheimer Nous accueillons les personnes \u00e2g\u00e9es atteintes de la maladie d\u2019Alzheimer ou de troubles apparent\u00e9s, du lundi au vendredi de 9h30 \u00e0 16h30. La journ\u00e9e est rythm\u00e9e par des activit\u00e9s th\u00e9rapeutiques, ludiques et de bien-\u00eatre visant \u00e0 pr\u00e9server l\u2019autonomie (travail de la m\u00e9moire, des capacit\u00e9s physiques, [&hellip;]<\/p>\n","protected":false},"author":1,"featured_media":0,"parent":0,"menu_order":0,"comment_status":"closed","ping_status":"closed","template":"","meta":{"footnotes":""},"class_list":["post-42","page","type-page","status-publish","hentry"],"_links":{"self":[{"href":"https:\/\/amad-loire.fr\/index.php?rest_route=\/wp\/v2\/pages\/42","targetHints":{"allow":["GET"]}}],"collection":[{"href":"https:\/\/amad-loire.fr\/index.php?rest_route=\/wp\/v2\/pages"}],"about":[{"href":"https:\/\/amad-loire.fr\/index.php?rest_route=\/wp\/v2\/types\/page"}],"author":[{"embeddable":true,"href":"https:\/\/amad-loire.fr\/index.php?rest_route=\/wp\/v2\/users\/1"}],"replies":[{"embeddable":true,"href":"https:\/\/amad-loire.fr\/index.php?rest_route=%2Fwp%2Fv2%2Fcomments&post=42"}],"version-history":[{"count":40,"href":"https:\/\/amad-loire.fr\/index.php?rest_route=\/wp\/v2\/pages\/42\/revisions"}],"predecessor-version":[{"id":1232,"href":"https:\/\/amad-loire.fr\/index.php?rest_route=\/wp\/v2\/pages\/42\/revisions\/1232"}],"wp:attachment":[{"href":"https:\/\/amad-loire.fr\/index.php?rest_route=%2Fwp%2Fv2%2Fmedia&parent=42"}],"curies":[{"name":"wp","href":"https:\/\/api.w.org\/{rel}","templated":true}]}}

<div data-elementor-type="wp-page" data-elementor-id="42" class="elementor elementor-42">
				<div class="elementor-element elementor-element-2875b33 e-flex e-con-boxed e-con e-parent" data-id="2875b33" data-element_type="container">
					<div class="e-con-inner">
				<div class="elementor-element elementor-element-840e7f1 elementor-widget elementor-widget-cta" data-id="840e7f1" data-element_type="widget" data-settings="{&quot;layout_preset&quot;:&quot;streamline&quot;,&quot;content_alignment&quot;:&quot;center&quot;,&quot;content_alignment_tablet&quot;:&quot;center&quot;,&quot;content_alignment_mobile&quot;:&quot;center&quot;,&quot;primary_button_shape&quot;:&quot;default&quot;,&quot;cta_width&quot;:&quot;default&quot;,&quot;cta_position&quot;:&quot;default&quot;,&quot;box_shape&quot;:&quot;sharp&quot;}" data-widget_type="cta.default">
				<div class="elementor-widget-container">
							<div class="has-shape-sharp shape-type-box ehp-cta has-preset-streamline">
			<div class="ehp-cta__overlay"></div>
			<div class="ehp-cta__elements-container">
						<div class="ehp-cta__text-container">
			<h2 class="ehp-cta__heading">L' Accueil de jour les Muriers</h2><p class="ehp-cta__description"><div style="font-family: 'Poppins', sans-serif;font-size: 18px;line-height: 1.7;color: #333">

  <h3 style="color:#bf246b;margin-bottom:15px">Accueil de jour Alzheimer</h3>

  <p>
    Nous accueillons les personnes âgées atteintes de la maladie d’Alzheimer 
    ou de troubles apparentés, du <strong>lundi au vendredi de 9h30 à 16h30</strong>.
  </p>

  <p>
    La journée est rythmée par des <strong>activités thérapeutiques, ludiques et de bien-être</strong> 
    visant à préserver l’autonomie (travail de la mémoire, des capacités physiques, des praxies…) 
    et à favoriser le lien social.
  </p>

  <p>
    Les personnes sont accueillies par groupes tout au long de la semaine, 
    dans un souci constant de proposer un <strong>accompagnement de qualité</strong> 
    et des activités adaptées à chacun.
  </p>

  <h4 style="color:#bf246b;margin-top:25px">Repas et soins</h4>
  <p>
    – Le <strong>repas</strong> est pris sur place et préparé avec soin par les cuisines d’AMAD.<br>
    – La <strong>prise des médicaments</strong> et les <strong>soins d’hygiène</strong> 
      sont assurés tout au long de la journée par l’équipe soignante.
  </p>

  <h4 style="color:#bf246b;margin-top:25px">Transport</h4>
  <p>
    Le transport peut être assuré directement par l’accueil de jour 
    (<em>compris dans le tarif de séjour</em>).  
    Il peut également être réalisé par l’entourage, <strong>Handistas</strong> ou un <strong>taxi ambulance</strong>.
  </p>

  <h4 style="color:#bf246b;margin-top:25px">Tarifs et financements</h4>
  <p>
    Le tarif varie selon l’état de dépendance du patient 
    (<a href="#" style="color:#bf246b;font-weight:bold">voir la page Tarifs</a>).  
    Une partie du coût peut être financée par le Département via un dossier <strong>APA</strong>.
  </p>

  <p>
    Nous vous accompagnons dans la réalisation de ce dossier, mais il est <strong>impératif</strong> 
    de le déposer au plus vite dès l’annonce du diagnostic.
  </p>

  <p>
    👉 Vous pouvez télécharger directement le dossier APA ici :  
    <a href="https://www.loire.fr/jcms/lw_1429201/fr/dossier-de-demande-d-allocation-personnalisee-d-autonomie-apa-a-domicile" style="color:#bf246b;font-weight:bold">Dossier APA – Département de la Loire</a>.
  </p>

  <p>
    Les accueils de jour bénéficient de <strong>financements publics</strong> 
    pour les soins et la dépendance.  
    Pour plus d’informations sur le détail des tarifs, reportez-vous à la page dédiée.
  </p>

</div>
</p>		</div>
					<div class="ehp-cta__ctas-container has-cta-width-default">
				<div class="ehp-cta__buttons-wrapper">
							<a class="has-shape-default shape-type-button ehp-button ehp-button--primary ehp-cta__button ehp-cta__button--primary is-type-button" href="https://amad-loire.fr/?page_id=44">
					<span class="ehp-button__text ehp-cta__button-text ehp-cta__button-text--primary">
			Nos tarifs				</a>
											</div>
			</div>
					</div>
		</div>
						</div>
				</div>
				<div class="elementor-element elementor-element-4b18b88 elementor-widget__width-initial e-transform elementor-widget elementor-widget-image" data-id="4b18b88" data-element_type="widget" data-settings="{&quot;_transform_scale_effect&quot;:{&quot;unit&quot;:&quot;px&quot;,&quot;size&quot;:&quot;&quot;,&quot;sizes&quot;:[]},&quot;_transform_scale_effect_tablet&quot;:{&quot;unit&quot;:&quot;px&quot;,&quot;size&quot;:&quot;&quot;,&quot;sizes&quot;:[]},&quot;_transform_scale_effect_mobile&quot;:{&quot;unit&quot;:&quot;px&quot;,&quot;size&quot;:&quot;&quot;,&quot;sizes&quot;:[]}}" data-widget_type="image.default">
															<img fetchpriority="high" decoding="async" width="1242" height="316" src="https://amad-loire.fr/wp-content/uploads/2026/01/Accueil-de-jour.png" class="attachment-full size-full wp-image-1219" alt="" srcset="https://amad-loire.fr/wp-content/uploads/2026/01/Accueil-de-jour.png 1242w, https://amad-loire.fr/wp-content/uploads/2026/01/Accueil-de-jour-300x76.png 300w, https://amad-loire.fr/wp-content/uploads/2026/01/Accueil-de-jour-1024x261.png 1024w, https://amad-loire.fr/wp-content/uploads/2026/01/Accueil-de-jour-768x195.png 768w" sizes="(max-width: 1242px) 100vw, 1242px" />															</div>
					</div>
				</div>
		<div class="elementor-element elementor-element-ada7ecc e-flex e-con-boxed e-con e-parent" data-id="ada7ecc" data-element_type="container">
					<div class="e-con-inner">
					</div>
				</div>
		<div class="elementor-element elementor-element-1afdf97 e-flex e-con-boxed e-con e-parent" data-id="1afdf97" data-element_type="container">
					<div class="e-con-inner">
				<div class="elementor-element elementor-element-8a5d847 elementor-widget elementor-widget-image" data-id="8a5d847" data-element_type="widget" data-widget_type="image.default">
															<img decoding="async" width="512" height="512" src="https://amad-loire.fr/wp-content/uploads/2025/12/Loire-departement.jpg" class="attachment-large size-large wp-image-742" alt="" srcset="https://amad-loire.fr/wp-content/uploads/2025/12/Loire-departement.jpg 512w, https://amad-loire.fr/wp-content/uploads/2025/12/Loire-departement-300x300.jpg 300w, https://amad-loire.fr/wp-content/uploads/2025/12/Loire-departement-150x150.jpg 150w" sizes="(max-width: 512px) 100vw, 512px" />															</div>
					</div>
				</div>
		<div class="elementor-element elementor-element-31db0a4 e-flex e-con-boxed e-con e-parent" data-id="31db0a4" data-element_type="container">
					<div class="e-con-inner">
				<div class="elementor-element elementor-element-e8e6c08 elementor-widget elementor-widget-image" data-id="e8e6c08" data-element_type="widget" data-widget_type="image.default">
															<img decoding="async" width="300" height="300" src="https://amad-loire.fr/wp-content/uploads/2025/12/dADuW9oh_400x400-300x300.jpg" class="attachment-medium size-medium wp-image-993" alt="" srcset="https://amad-loire.fr/wp-content/uploads/2025/12/dADuW9oh_400x400-300x300.jpg 300w, https://amad-loire.fr/wp-content/uploads/2025/12/dADuW9oh_400x400-150x150.jpg 150w, https://amad-loire.fr/wp-content/uploads/2025/12/dADuW9oh_400x400.jpg 400w" sizes="(max-width: 300px) 100vw, 300px" />															</div>
					</div>
				</div>
		<div class="elementor-element elementor-element-5f723af e-flex e-con-boxed e-con e-parent" data-id="5f723af" data-element_type="container">
					<div class="e-con-inner">
		<div class="elementor-element elementor-element-da79b2d e-con-full e-flex e-con e-child" data-id="da79b2d" data-element_type="container">
		<div class="elementor-element elementor-element-7253aab e-con-full e-flex e-con e-child" data-id="7253aab" data-element_type="container">
		<div class="elementor-element elementor-element-5eaf8c0 e-con-full e-flex e-con e-child" data-id="5eaf8c0" data-element_type="container">
				<div class="elementor-element elementor-element-5468f88 elementor-widget elementor-widget-google_maps" data-id="5468f88" data-element_type="widget" data-widget_type="google_maps.default">
							<div class="elementor-custom-embed">
			<iframe loading="lazy"
					src="https://maps.google.com/maps?q=18%20rue%20cl%C3%A9ment%20Ader%2042160&#038;t=m&#038;z=11&#038;output=embed&#038;iwloc=near"
					title="18 rue clément Ader 42160"
					aria-label="18 rue clément Ader 42160"
			></iframe>
		</div>
						</div>
				</div>
				</div>
				</div>
					</div>
				</div>
				</div>

<p>L&rsquo; Accueil de jour les Muriers Accueil de jour Alzheimer Nous accueillons les personnes âgées atteintes de la maladie d’Alzheimer ou de troubles apparentés, du lundi au vendredi de 9h30 à 16h30. La journée est rythmée par des activités thérapeutiques, ludiques et de bien-être visant à préserver l’autonomie (travail de la mémoire, des capacités physiques, [&hellip;]</p>
