{"id":40,"date":"2025-09-13T21:05:40","date_gmt":"2025-09-13T21:05:40","guid":{"rendered":"https:\/\/amad-loire.fr\/?page_id=40"},"modified":"2026-01-16T19:31:29","modified_gmt":"2026-01-16T17:31:29","slug":"soins-a-domicile","status":"publish","type":"page","link":"https:\/\/amad-loire.fr\/?page_id=40","title":{"rendered":"Soins \u00e0 domicile"},"content":{"rendered":"\t\t<div data-elementor-type=\"wp-page\" data-elementor-id=\"40\" class=\"elementor elementor-40\">\n\t\t\t\t<div class=\"elementor-element elementor-element-44005ce e-flex e-con-boxed e-con e-parent\" data-id=\"44005ce\" data-element_type=\"container\">\n\t\t\t\t\t<div class=\"e-con-inner\">\n\t\t\t\t<div class=\"elementor-element elementor-element-2a4e442 elementor-widget elementor-widget-cta\" data-id=\"2a4e442\" data-element_type=\"widget\" data-settings=\"{&quot;layout_preset&quot;:&quot;showcase&quot;,&quot;layout_column_structure&quot;:&quot;50-50&quot;,&quot;image_horizontal_position&quot;:&quot;start&quot;,&quot;image_horizontal_position_tablet&quot;:&quot;start&quot;,&quot;image_horizontal_position_mobile&quot;:&quot;start&quot;,&quot;content_position_vertical&quot;:&quot;start&quot;,&quot;content_position_vertical_tablet&quot;:&quot;start&quot;,&quot;content_position_vertical_mobile&quot;:&quot;start&quot;,&quot;image_shape&quot;:&quot;sharp&quot;,&quot;primary_button_shape&quot;:&quot;default&quot;,&quot;box_shape&quot;:&quot;sharp&quot;}\" data-widget_type=\"cta.default\">\n\t\t\t\t<div class=\"elementor-widget-container\">\n\t\t\t\t\t\t\t<div class=\"has-shape-sharp shape-type-box ehp-cta has-preset-showcase\">\n\t\t\t<div class=\"ehp-cta__overlay\"><\/div>\n\t\t\t<div class=\"has-column-structure-50-50  ehp-cta__elements-container has-image-position-start has-image-position-md-start has-image-position-sm-start\">\n\t\t\t\t\t\t\t<div class=\"ehp-image ehp-cta__image-container\">\n\t\t\t\t<img decoding=\"async\" class=\"ehp-image__img ehp-cta__img has-shape-sharp shape-type-image\" src=\"https:\/\/amad-loire.fr\/wp-content\/uploads\/2025\/11\/SSIAD.jpg\" title=\"SSIAD\" alt=\"SSIAD\" loading=\"lazy\" \/>\t\t\t<\/div>\n\t\t\t\t\t<div class=\"ehp-cta__text-container\">\n\t\t\t<h2 class=\"ehp-cta__heading\"><h2 style=\"font-family: 'Poppins', sans-serif;font-size: 50px;font-weight: 600;color: #bf246b;line-height: 1.2;margin-bottom:20px\">\nSoins Infirmiers \u00e0 Domicile<br><\/h2><p class=\"ehp-cta__description\"><div style=\"font-family: 'Poppins', sans-serif;font-size: 18px;line-height: 1.7;color:#333\">\nAMAD r\u00e9alise des prestations d'aide et de soins \u00e0 domicile sur la plaine du Forez, selon le besoin de l'usager. Dans le cadre de la mise en oeuvre de la r\u00e9forme des Services Autonomie \u00e0 Domicile Mixte, les prestations de soins infirmiers ont fait l'objet d'un rapprochement avec les prestations d'aide et accompagnement sur ce territoire, afin de faciliter l'acc\u00e8s aux diff\u00e9rents services par l'usager.\n\n\n  <div style=\"flex-wrap:wrap;gap:40px;margin-bottom:30px\">\n    \n    <!-- Nos missions -->\n    <div style=\"flex:1;min-width:300px\">\n      <h3 style=\"color:#bf246b;margin-bottom:15px\">Nos missions<\/h3>\n      <div style=\"margin-left:20px\">\n        \u2013 Favoriser le maintien \u00e0 domicile d\u2019une personne en perte d\u2019autonomie<br>\n        \u2013 Accompagner un retour \u00e0 domicile apr\u00e8s une hospitalisation<br>\n        \u2013 Soutenir \/ soulager les aidants\n      <\/div>\n    <\/div>\n\n    <!-- L'\u00e9quipe -->\n    <div style=\"flex:1;min-width:300px\">\n      <h3 style=\"color:#bf246b;margin-bottom:15px\">L'\u00e9quipe<\/h3>\n      <div style=\"margin-left:20px\">\n        \u2013 1 infirmi\u00e8re coordinatrice<br>\n        \u2013 Infirmier.e.s<br>\n        \u2013 Aides-soignant.e.s<br>\n        \u2013 Aides m\u00e9dico-psychologiques\n      <\/div>\n    <\/div>\n\n  <\/div>\n\n  <!-- Les soins -->\n  <div style=\"margin-bottom:30px\">\n    <h3 style=\"color:#bf246b;margin-bottom:15px\">Les soins<\/h3>\n    <div style=\"margin-left:20px\">\n      \u2013 Aide au lever, coucher<br>\n      \u2013 Aide \u00e0 la toilette, douche, shampoing<br>\n      \u2013 Aide \u00e0 l\u2019habillage, pose et d\u00e9pose des bas de contention<br>\n      \u2013 Gestion de l\u2019incontinence<br>\n      \u2013 Prise de tension, \u00e9valuation et suivi de la douleur, surveillance du poids<br>\n      \u2013 Pr\u00e9paration des piluliers, aide et surveillance de la prise de traitements\n    <\/div>\n  <\/div>\n\n  <!-- Zones et infos pratiques -->\n  <div style=\"margin-bottom:20px\">\n    <p><strong>Communes d\u2019intervention :<\/strong> La Fouillouse, Andr\u00e9zieux-Bouth\u00e9on, St Cyprien, Veauchette, Craintilleux.<\/p>\n    <p>\n      <strong>Prise en charge :<\/strong> 100% par la S\u00e9curit\u00e9 sociale (sur prescription m\u00e9dicale, une ordonnance suffit).\n    <\/p>\n    <p>\n      \ud83d\udcde <strong>04 77 36 48 29<\/strong>\n    <\/p>\n  <\/div>\n\n<\/div>\n<\/p>\t\t\t<div class=\"ehp-cta__ctas-container\">\n\t\t\t\t<div class=\"ehp-cta__buttons-wrapper\">\n\t\t\t\t\t\t\t<a class=\"has-shape-default shape-type-button ehp-button ehp-button--primary ehp-cta__button ehp-cta__button--primary is-type-button\" href=\"mailto:sadmixte@amad-loire.fr\">\n\t\t\t\t\t<span class=\"ehp-button__text ehp-cta__button-text ehp-cta__button-text--primary\">\n\t\t\tContactez-nous\t\t\t\t<\/a>\n\t\t\t\t\t\t\t\t\t\t\t<\/div>\n\t\t\t<\/div>\n\t\t\t\t<\/div>\n\t\t\t\t\t<\/div>\n\t\t<\/div>\n\t\t\t\t\t\t<\/div>\n\t\t\t\t<\/div>\n\t\t\t\t\t<\/div>\n\t\t\t\t<\/div>\n\t\t<div class=\"elementor-element elementor-element-f8974bb e-flex e-con-boxed e-con e-parent\" data-id=\"f8974bb\" data-element_type=\"container\">\n\t\t\t\t\t<div class=\"e-con-inner\">\n\t\t\t\t\t<\/div>\n\t\t\t\t<\/div>\n\t\t<div class=\"elementor-element elementor-element-bbcae28 e-flex e-con-boxed e-con e-parent\" data-id=\"bbcae28\" data-element_type=\"container\">\n\t\t\t\t\t<div class=\"e-con-inner\">\n\t\t\t\t<div class=\"elementor-element elementor-element-105ab55 elementor-widget elementor-widget-image\" data-id=\"105ab55\" data-element_type=\"widget\" data-widget_type=\"image.default\">\n\t\t\t\t\t\t\t\t\t\t\t\t\t\t\t<img fetchpriority=\"high\" decoding=\"async\" width=\"300\" height=\"300\" src=\"https:\/\/amad-loire.fr\/wp-content\/uploads\/2025\/12\/dADuW9oh_400x400-300x300.jpg\" class=\"attachment-medium size-medium wp-image-993\" alt=\"\" srcset=\"https:\/\/amad-loire.fr\/wp-content\/uploads\/2025\/12\/dADuW9oh_400x400-300x300.jpg 300w, https:\/\/amad-loire.fr\/wp-content\/uploads\/2025\/12\/dADuW9oh_400x400-150x150.jpg 150w, https:\/\/amad-loire.fr\/wp-content\/uploads\/2025\/12\/dADuW9oh_400x400.jpg 400w\" sizes=\"(max-width: 300px) 100vw, 300px\" \/>\t\t\t\t\t\t\t\t\t\t\t\t\t\t\t<\/div>\n\t\t\t\t<div class=\"elementor-element elementor-element-b7216b5 elementor-widget elementor-widget-image\" data-id=\"b7216b5\" data-element_type=\"widget\" data-widget_type=\"image.default\">\n\t\t\t\t\t\t\t\t\t\t\t\t\t\t\t<img decoding=\"async\" width=\"512\" height=\"512\" src=\"https:\/\/amad-loire.fr\/wp-content\/uploads\/2025\/12\/Loire-departement.jpg\" class=\"attachment-large size-large wp-image-742\" alt=\"\" srcset=\"https:\/\/amad-loire.fr\/wp-content\/uploads\/2025\/12\/Loire-departement.jpg 512w, https:\/\/amad-loire.fr\/wp-content\/uploads\/2025\/12\/Loire-departement-300x300.jpg 300w, https:\/\/amad-loire.fr\/wp-content\/uploads\/2025\/12\/Loire-departement-150x150.jpg 150w\" sizes=\"(max-width: 512px) 100vw, 512px\" \/>\t\t\t\t\t\t\t\t\t\t\t\t\t\t\t<\/div>\n\t\t\t\t\t<\/div>\n\t\t\t\t<\/div>\n\t\t\t\t<\/div>\n\t\t","protected":false},"excerpt":{"rendered":"<p>Soins Infirmiers \u00e0 Domicile AMAD r\u00e9alise des prestations d&rsquo;aide et de soins \u00e0 domicile sur la plaine du Forez, selon le besoin de l&rsquo;usager. Dans le cadre de la mise en oeuvre de la r\u00e9forme des Services Autonomie \u00e0 Domicile Mixte, les prestations de soins infirmiers ont fait l&rsquo;objet d&rsquo;un rapprochement avec les prestations d&rsquo;aide [&hellip;]<\/p>\n","protected":false},"author":1,"featured_media":0,"parent":0,"menu_order":0,"comment_status":"closed","ping_status":"closed","template":"","meta":{"footnotes":""},"class_list":["post-40","page","type-page","status-publish","hentry"],"_links":{"self":[{"href":"https:\/\/amad-loire.fr\/index.php?rest_route=\/wp\/v2\/pages\/40","targetHints":{"allow":["GET"]}}],"collection":[{"href":"https:\/\/amad-loire.fr\/index.php?rest_route=\/wp\/v2\/pages"}],"about":[{"href":"https:\/\/amad-loire.fr\/index.php?rest_route=\/wp\/v2\/types\/page"}],"author":[{"embeddable":true,"href":"https:\/\/amad-loire.fr\/index.php?rest_route=\/wp\/v2\/users\/1"}],"replies":[{"embeddable":true,"href":"https:\/\/amad-loire.fr\/index.php?rest_route=%2Fwp%2Fv2%2Fcomments&post=40"}],"version-history":[{"count":37,"href":"https:\/\/amad-loire.fr\/index.php?rest_route=\/wp\/v2\/pages\/40\/revisions"}],"predecessor-version":[{"id":1235,"href":"https:\/\/amad-loire.fr\/index.php?rest_route=\/wp\/v2\/pages\/40\/revisions\/1235"}],"wp:attachment":[{"href":"https:\/\/amad-loire.fr\/index.php?rest_route=%2Fwp%2Fv2%2Fmedia&parent=40"}],"curies":[{"name":"wp","href":"https:\/\/api.w.org\/{rel}","templated":true}]}}

Soins à domicile

<div data-elementor-type="wp-page" data-elementor-id="40" class="elementor elementor-40">
				<div class="elementor-element elementor-element-44005ce e-flex e-con-boxed e-con e-parent" data-id="44005ce" data-element_type="container">
					<div class="e-con-inner">
				<div class="elementor-element elementor-element-2a4e442 elementor-widget elementor-widget-cta" data-id="2a4e442" data-element_type="widget" data-settings="{&quot;layout_preset&quot;:&quot;showcase&quot;,&quot;layout_column_structure&quot;:&quot;50-50&quot;,&quot;image_horizontal_position&quot;:&quot;start&quot;,&quot;image_horizontal_position_tablet&quot;:&quot;start&quot;,&quot;image_horizontal_position_mobile&quot;:&quot;start&quot;,&quot;content_position_vertical&quot;:&quot;start&quot;,&quot;content_position_vertical_tablet&quot;:&quot;start&quot;,&quot;content_position_vertical_mobile&quot;:&quot;start&quot;,&quot;image_shape&quot;:&quot;sharp&quot;,&quot;primary_button_shape&quot;:&quot;default&quot;,&quot;box_shape&quot;:&quot;sharp&quot;}" data-widget_type="cta.default">
				<div class="elementor-widget-container">
							<div class="has-shape-sharp shape-type-box ehp-cta has-preset-showcase">
			<div class="ehp-cta__overlay"></div>
			<div class="has-column-structure-50-50  ehp-cta__elements-container has-image-position-start has-image-position-md-start has-image-position-sm-start">
							<div class="ehp-image ehp-cta__image-container">
				<img decoding="async" class="ehp-image__img ehp-cta__img has-shape-sharp shape-type-image" src="https://amad-loire.fr/wp-content/uploads/2025/11/SSIAD.jpg" title="SSIAD" alt="SSIAD" loading="lazy" />			</div>
					<div class="ehp-cta__text-container">
			<h2 class="ehp-cta__heading"><h2 style="font-family: 'Poppins', sans-serif;font-size: 50px;font-weight: 600;color: #bf246b;line-height: 1.2;margin-bottom:20px">
Soins Infirmiers à Domicile<br></h2><p class="ehp-cta__description"><div style="font-family: 'Poppins', sans-serif;font-size: 18px;line-height: 1.7;color:#333">
AMAD réalise des prestations d'aide et de soins à domicile sur la plaine du Forez, selon le besoin de l'usager. Dans le cadre de la mise en oeuvre de la réforme des Services Autonomie à Domicile Mixte, les prestations de soins infirmiers ont fait l'objet d'un rapprochement avec les prestations d'aide et accompagnement sur ce territoire, afin de faciliter l'accès aux différents services par l'usager.


  <div style="flex-wrap:wrap;gap:40px;margin-bottom:30px">
    
    <!-- Nos missions -->
    <div style="flex:1;min-width:300px">
      <h3 style="color:#bf246b;margin-bottom:15px">Nos missions</h3>
      <div style="margin-left:20px">
        – Favoriser le maintien à domicile d’une personne en perte d’autonomie<br>
        – Accompagner un retour à domicile après une hospitalisation<br>
        – Soutenir / soulager les aidants
      </div>
    </div>

    <!-- L'équipe -->
    <div style="flex:1;min-width:300px">
      <h3 style="color:#bf246b;margin-bottom:15px">L'équipe</h3>
      <div style="margin-left:20px">
        – 1 infirmière coordinatrice<br>
        – Infirmier.e.s<br>
        – Aides-soignant.e.s<br>
        – Aides médico-psychologiques
      </div>
    </div>

  </div>

  <!-- Les soins -->
  <div style="margin-bottom:30px">
    <h3 style="color:#bf246b;margin-bottom:15px">Les soins</h3>
    <div style="margin-left:20px">
      – Aide au lever, coucher<br>
      – Aide à la toilette, douche, shampoing<br>
      – Aide à l’habillage, pose et dépose des bas de contention<br>
      – Gestion de l’incontinence<br>
      – Prise de tension, évaluation et suivi de la douleur, surveillance du poids<br>
      – Préparation des piluliers, aide et surveillance de la prise de traitements
    </div>
  </div>

  <!-- Zones et infos pratiques -->
  <div style="margin-bottom:20px">
    <p><strong>Communes d’intervention :</strong> La Fouillouse, Andrézieux-Bouthéon, St Cyprien, Veauchette, Craintilleux.</p>
    <p>
      <strong>Prise en charge :</strong> 100% par la Sécurité sociale (sur prescription médicale, une ordonnance suffit).
    </p>
    <p>
      📞 <strong>04 77 36 48 29</strong>
    </p>
  </div>

</div>
</p>			<div class="ehp-cta__ctas-container">
				<div class="ehp-cta__buttons-wrapper">
							<a class="has-shape-default shape-type-button ehp-button ehp-button--primary ehp-cta__button ehp-cta__button--primary is-type-button" href="mailto:sadmixte@amad-loire.fr">
					<span class="ehp-button__text ehp-cta__button-text ehp-cta__button-text--primary">
			Contactez-nous				</a>
											</div>
			</div>
				</div>
					</div>
		</div>
						</div>
				</div>
					</div>
				</div>
		<div class="elementor-element elementor-element-f8974bb e-flex e-con-boxed e-con e-parent" data-id="f8974bb" data-element_type="container">
					<div class="e-con-inner">
					</div>
				</div>
		<div class="elementor-element elementor-element-bbcae28 e-flex e-con-boxed e-con e-parent" data-id="bbcae28" data-element_type="container">
					<div class="e-con-inner">
				<div class="elementor-element elementor-element-105ab55 elementor-widget elementor-widget-image" data-id="105ab55" data-element_type="widget" data-widget_type="image.default">
															<img fetchpriority="high" decoding="async" width="300" height="300" src="https://amad-loire.fr/wp-content/uploads/2025/12/dADuW9oh_400x400-300x300.jpg" class="attachment-medium size-medium wp-image-993" alt="" srcset="https://amad-loire.fr/wp-content/uploads/2025/12/dADuW9oh_400x400-300x300.jpg 300w, https://amad-loire.fr/wp-content/uploads/2025/12/dADuW9oh_400x400-150x150.jpg 150w, https://amad-loire.fr/wp-content/uploads/2025/12/dADuW9oh_400x400.jpg 400w" sizes="(max-width: 300px) 100vw, 300px" />															</div>
				<div class="elementor-element elementor-element-b7216b5 elementor-widget elementor-widget-image" data-id="b7216b5" data-element_type="widget" data-widget_type="image.default">
															<img decoding="async" width="512" height="512" src="https://amad-loire.fr/wp-content/uploads/2025/12/Loire-departement.jpg" class="attachment-large size-large wp-image-742" alt="" srcset="https://amad-loire.fr/wp-content/uploads/2025/12/Loire-departement.jpg 512w, https://amad-loire.fr/wp-content/uploads/2025/12/Loire-departement-300x300.jpg 300w, https://amad-loire.fr/wp-content/uploads/2025/12/Loire-departement-150x150.jpg 150w" sizes="(max-width: 512px) 100vw, 512px" />															</div>
					</div>
				</div>
				</div>

<p>Soins Infirmiers à Domicile AMAD réalise des prestations d&rsquo;aide et de soins à domicile sur la plaine du Forez, selon le besoin de l&rsquo;usager. Dans le cadre de la mise en oeuvre de la réforme des Services Autonomie à Domicile Mixte, les prestations de soins infirmiers ont fait l&rsquo;objet d&rsquo;un rapprochement avec les prestations d&rsquo;aide [&hellip;]</p>
