{"id":38,"date":"2025-09-13T21:05:40","date_gmt":"2025-09-13T21:05:40","guid":{"rendered":"https:\/\/amad-loire.fr\/?page_id=38"},"modified":"2026-01-14T17:29:49","modified_gmt":"2026-01-14T15:29:49","slug":"a-propos-de-nous","status":"publish","type":"page","link":"https:\/\/amad-loire.fr\/?page_id=38","title":{"rendered":"A propos de nous"},"content":{"rendered":"\t\t<div data-elementor-type=\"wp-page\" data-elementor-id=\"38\" class=\"elementor elementor-38\">\n\t\t\t\t<div class=\"elementor-element elementor-element-6a2929b e-flex e-con-boxed e-con e-parent\" data-id=\"6a2929b\" data-element_type=\"container\">\n\t\t\t\t\t<div class=\"e-con-inner\">\n\t\t\t\t<div class=\"elementor-element elementor-element-7bde4cb elementor-widget elementor-widget-spacer\" data-id=\"7bde4cb\" data-element_type=\"widget\" data-widget_type=\"spacer.default\">\n\t\t\t\t\t\t\t<div class=\"elementor-spacer\">\n\t\t\t<div class=\"elementor-spacer-inner\"><\/div>\n\t\t<\/div>\n\t\t\t\t\t\t<\/div>\n\t\t\t\t\t<\/div>\n\t\t\t\t<\/div>\n\t\t<div class=\"elementor-element elementor-element-714dcc6 e-flex e-con-boxed e-con e-parent\" data-id=\"714dcc6\" data-element_type=\"container\">\n\t\t\t\t\t<div class=\"e-con-inner\">\n\t\t\t\t<div class=\"elementor-element elementor-element-d4abb58 elementor-widget elementor-widget-image\" data-id=\"d4abb58\" data-element_type=\"widget\" data-widget_type=\"image.default\">\n\t\t\t\t\t\t\t\t\t\t\t\t\t\t\t<img fetchpriority=\"high\" decoding=\"async\" width=\"250\" height=\"300\" src=\"https:\/\/amad-loire.fr\/wp-content\/uploads\/2026\/01\/AMAD-seul-250x300.png\" class=\"attachment-medium size-medium wp-image-1008\" alt=\"\" srcset=\"https:\/\/amad-loire.fr\/wp-content\/uploads\/2026\/01\/AMAD-seul-250x300.png 250w, https:\/\/amad-loire.fr\/wp-content\/uploads\/2026\/01\/AMAD-seul-768x922.png 768w, https:\/\/amad-loire.fr\/wp-content\/uploads\/2026\/01\/AMAD-seul.png 817w\" sizes=\"(max-width: 250px) 100vw, 250px\" \/>\t\t\t\t\t\t\t\t\t\t\t\t\t\t\t<\/div>\n\t\t\t\t\t<\/div>\n\t\t\t\t<\/div>\n\t\t<div class=\"elementor-element elementor-element-409dbed e-flex e-con-boxed e-con e-parent\" data-id=\"409dbed\" data-element_type=\"container\">\n\t\t\t\t\t<div class=\"e-con-inner\">\n\t\t\t\t<div class=\"elementor-element elementor-element-d50154b elementor-widget elementor-widget-spacer\" data-id=\"d50154b\" data-element_type=\"widget\" data-widget_type=\"spacer.default\">\n\t\t\t\t\t\t\t<div class=\"elementor-spacer\">\n\t\t\t<div class=\"elementor-spacer-inner\"><\/div>\n\t\t<\/div>\n\t\t\t\t\t\t<\/div>\n\t\t\t\t\t<\/div>\n\t\t\t\t<\/div>\n\t\t<div class=\"elementor-element elementor-element-ec34bce e-flex e-con-boxed e-con e-parent\" data-id=\"ec34bce\" data-element_type=\"container\">\n\t\t\t\t\t<div class=\"e-con-inner\">\n\t\t\t\t<div class=\"elementor-element elementor-element-b51650d elementor-widget elementor-widget-cta\" data-id=\"b51650d\" data-element_type=\"widget\" data-settings=\"{&quot;layout_preset&quot;:&quot;storytelling&quot;,&quot;content_alignment&quot;:&quot;center&quot;,&quot;content_alignment_tablet&quot;:&quot;center&quot;,&quot;content_alignment_mobile&quot;:&quot;center&quot;,&quot;image_shape&quot;:&quot;sharp&quot;,&quot;primary_button_shape&quot;:&quot;default&quot;,&quot;secondary_button_shape&quot;:&quot;default&quot;,&quot;cta_width&quot;:&quot;default&quot;,&quot;cta_position&quot;:&quot;default&quot;,&quot;box_shape&quot;:&quot;sharp&quot;}\" data-widget_type=\"cta.default\">\n\t\t\t\t<div class=\"elementor-widget-container\">\n\t\t\t\t\t\t\t<div class=\"has-shape-sharp shape-type-box ehp-cta has-preset-storytelling\">\n\t\t\t<div class=\"ehp-cta__overlay\"><\/div>\n\t\t\t<div class=\"ehp-cta__elements-container\">\n\t\t\t\t\t\t<div class=\"ehp-cta__text-container\">\n\t\t\t<h2 class=\"ehp-cta__heading\">Qui sommes nous ?<\/h2><p class=\"ehp-cta__description\"><div style=\"font-family: 'Poppins', sans-serif;font-size: 18px;line-height: 1.7;color: #333\">\n\n  <p>\n    <strong>AMAD<\/strong> est un groupement d\u2019associations \u00e0 but non lucratif (loi 1901). \n    Le groupe \u0153uvre depuis plus de trente ans aupr\u00e8s des publics fragiles.\n  <\/p>\n\n  <p>\n    Fond\u00e9 en 1995 par sa directrice <strong>Madame Bouanani<\/strong>, sous le nom d'origine Maintien \u00e0 Domicile du Forez, AMAD s\u2019est d\u00e9velopp\u00e9 sur la plaine du Forez, Saint-\u00c9tienne et l\u2019Ondaine.  \n  <\/p>\n\n  <p>\n    Au fil des ann\u00e9es, le d\u00e9veloppement d\u2019AMAD s\u2019est traduit par l\u2019ouverture de plusieurs services facilitant \n    et am\u00e9liorant le maintien \u00e0 domicile pour la population lig\u00e9rienne :\n  <\/p>\n\n  <div style=\"margin-left:25px\">\n    \u2013 AMAD Aide et Soins : Service d\u2019aide et d\u2019accompagnement \u00e0 domicile<br>\n    \u2013 Service d'aide et soins \u00e0 domicile (service autonomie mixte)<br>\n    \u2013 Accueil de jour Alzheimer et troubles apparent\u00e9s<br>\n    \u2013 R\u00e9sidences autonomie<br>\n    \u2013 Centres de sant\u00e9\n  <\/div>\n\n  <h3 style=\"margin-top:25px;color:#bf246b\">Les missions d\u2019AMAD<\/h3>\n  <p>\n    Anciennement <em>Maintien \u00e0 domicile du Forez<\/em>, AMAD est devenu une structure de r\u00e9f\u00e9rence sur son territoire en valorisant deux missions essentielles :\n  <\/p>\n\n  <div style=\"margin-left:25px\">\n    \u2013 Proposer des emplois stables et qualifiants \u00e0 des femmes en difficult\u00e9 avec l\u2019emploi<br>\n    \u2013 D\u00e9velopper et am\u00e9liorer le maintien \u00e0 domicile des personnes \u00e2g\u00e9es, handicap\u00e9es, \n      affect\u00e9es par des maladies chroniques, ou en sortie d\u2019hospitalisation\n  <\/div>\n\n  <h3 style=\"margin-top:25px;color:#bf246b\">L'organisation d'AMAD<\/h3>\n  <p>\n    Notre groupement d\u2019associations porte une attention particuli\u00e8re \u00e0 la qualit\u00e9 de service, \n    au recrutement et \u00e0 la formation de ses salari\u00e9s.\n  <\/p>\n  <p>\nNos services sont organis\u00e9s de la mani\u00e8re suivante :\n  <\/p>\n\n  <div style=\"margin-left:25px\">\n    \u2013 <strong>AMAD Aide et Soins<\/strong>  : service automie \u00e0 domicile mixte sur la plaine du Forez<br>\n    \u2013 <strong>AMAD Aide et Accompagnement<\/strong> : service d'aide et accompagnement \u00e0 domicile<br>\n    \u2013 <strong>AMAD Soins<\/strong> : Accueil de jour \u00e0 Andr\u00e9zieux-Bouth\u00e9on<br>\n    \u2013 <strong>AMAD H\u00e9bergement<\/strong> : r\u00e9sidences autonomie \u00e0 Saint-Marcellin-en-Forez, Saint-Romain-le-Puy et Feurs<br>\n    \u2013 <strong>AMAD M\u00e9dical<\/strong> : centres de sant\u00e9 \u00e0 Veauche et Saint-\u00c9tienne<br>\n   \u2013 <strong>AMAD Services<\/strong> : si\u00e8ge et services administratifs<br>\n  <\/div>\n\n  <h3 style=\"margin-top:25px;color:#bf246b\">Nos principes \u00e9thiques et d\u00e9ontologiques<\/h3>\n  <p>\n    AMAD propose une accompagnement de qualit\u00e9, respectueuse de la personne et de ses droits, \n    dans une relation fond\u00e9e sur la confiance.  \n    Chaque prise en charge repose sur <strong>quatre principes fondamentaux<\/strong> :\n  <\/p>\n\n  <h4 style=\"margin-top:20px;color:#bf246b\">Principe n\u00b01 \u2013 Le respect de la personne<\/h4>\n  <p>\n    Il implique r\u00e9serve et discr\u00e9tion de la part de chaque salari\u00e9 et membre de l\u2019association, \n    tout au long de la prise en charge.\n  <\/p>\n\n  <div style=\"margin-left:25px\">\n    \u2013 Respect des droits civiques, des opinions, convictions politiques et croyances religieuses<br>\n    \u2013 Respect de l\u2019espace de vie priv\u00e9e, de l\u2019intimit\u00e9, de l\u2019int\u00e9grit\u00e9 et de la dignit\u00e9<br>\n    \u2013 Respect des biens, avec interdiction de recevoir d\u00e9l\u00e9gation de pouvoir, donation ou d\u00e9p\u00f4t de fonds<br>\n    \u2013 Respect de la culture, du choix de vie et du projet de vie de la personne<br>\n    \u2013 Respect de la confidentialit\u00e9 des informations confi\u00e9es<br>\n    \u2013 Acc\u00e8s libre aux informations contenues dans le dossier\n  <\/div>\n\n  <h4 style=\"margin-top:20px;color:#bf246b\">Principe n\u00b02 \u2013 Une intervention individualis\u00e9e et de qualit\u00e9<\/h4>\n  <div style=\"margin-left:25px\">\n    \u2013 Offrir un service adapt\u00e9 aux besoins et attentes exprim\u00e9s ou latents<br>\n    \u2013 Limiter les prestations aux besoins r\u00e9els de l\u2019usager<br>\n    \u2013 Favoriser la participation active de l\u2019usager et de son entourage<br>\n    \u2013 Encourager l\u2019autonomie : faire avec, aider \u00e0 faire, apprendre \u00e0 faire<br>\n    \u2013 Garantir transparence, consentement \u00e9clair\u00e9 et libre choix<br>\n    \u2013 Coordonner l\u2019accompagnement avec les partenaires sociaux et m\u00e9dico-sociaux si n\u00e9cessaire\n  <\/div>\n\n  <h4 style=\"margin-top:20px;color:#bf246b\">Principe n\u00b03 \u2013 Une juste distance professionnelle<\/h4>\n  <p>\n    \u00c9viter aussi bien une relation exclusivement technique qu\u2019une relation trop affective.\n  <\/p>\n\n  <h4 style=\"margin-top:20px;color:#bf246b\">Principe n\u00b04 \u2013 Une protection des personnes<\/h4>\n  <div style=\"margin-left:25px\">\n    \u2013 Prot\u00e9ger l\u2019usager contre toute pratique non satisfaisante ou malveillante<br>\n    \u2013 Pr\u00e9venir toute maltraitance ou situation mettant en danger la personne<br>\n    \u2013 Assurer la protection des salari\u00e9s contre le harc\u00e8lement et les discriminations\n  <\/div>\n\n<\/div><\/p>\t\t<\/div>\n\t\t\t\t\t<div class=\"ehp-cta__ctas-container has-cta-width-default\">\n\t\t\t\t<div class=\"ehp-cta__buttons-wrapper\">\n\t\t\t\t\t\t\t<a class=\"has-shape-default shape-type-button ehp-button ehp-button--primary ehp-cta__button ehp-cta__button--primary is-type-button\" href=\"https:\/\/amad-loire.fr\/wp-content\/uploads\/2025\/11\/Charte-bientraitance-1.pdf\">\n\t\t\t\t\t<span class=\"ehp-button__text ehp-cta__button-text ehp-cta__button-text--primary\">\n\t\t\tConsulter notre charte de bientraitance\t\t\t\t<\/a>\n\t\t\t\t\t\t\t\t\t<a class=\"has-shape-default shape-type-button ehp-button ehp-button--secondary ehp-cta__button ehp-cta__button--secondary is-type-button has-border\" href=\"https:\/\/amad-loire.fr\/wp-content\/uploads\/2025\/11\/Journal-annuel-2024-AMAD-INFOS.pdf\">\n\t\t\t\t\t<span class=\"ehp-button__text ehp-cta__button-text ehp-cta__button-text--secondary\">\n\t\t\tConsulter notre journal annuel\t\t\t\t<\/a>\n\t\t\t\t\t\t<\/div>\n\t\t\t<\/div>\n\t\t\t\t\t<\/div>\n\t\t<\/div>\n\t\t\t\t\t\t<\/div>\n\t\t\t\t<\/div>\n\t\t\t\t\t<\/div>\n\t\t\t\t<\/div>\n\t\t\t\t<\/div>\n\t\t","protected":false},"excerpt":{"rendered":"<p>Qui sommes nous ? AMAD est un groupement d\u2019associations \u00e0 but non lucratif (loi 1901). Le groupe \u0153uvre depuis plus de trente ans aupr\u00e8s des publics fragiles. Fond\u00e9 en 1995 par sa directrice Madame Bouanani, sous le nom d&rsquo;origine Maintien \u00e0 Domicile du Forez, AMAD s\u2019est d\u00e9velopp\u00e9 sur la plaine du Forez, Saint-\u00c9tienne et l\u2019Ondaine. [&hellip;]<\/p>\n","protected":false},"author":1,"featured_media":0,"parent":0,"menu_order":0,"comment_status":"closed","ping_status":"closed","template":"","meta":{"footnotes":""},"class_list":["post-38","page","type-page","status-publish","hentry"],"_links":{"self":[{"href":"https:\/\/amad-loire.fr\/index.php?rest_route=\/wp\/v2\/pages\/38","targetHints":{"allow":["GET"]}}],"collection":[{"href":"https:\/\/amad-loire.fr\/index.php?rest_route=\/wp\/v2\/pages"}],"about":[{"href":"https:\/\/amad-loire.fr\/index.php?rest_route=\/wp\/v2\/types\/page"}],"author":[{"embeddable":true,"href":"https:\/\/amad-loire.fr\/index.php?rest_route=\/wp\/v2\/users\/1"}],"replies":[{"embeddable":true,"href":"https:\/\/amad-loire.fr\/index.php?rest_route=%2Fwp%2Fv2%2Fcomments&post=38"}],"version-history":[{"count":25,"href":"https:\/\/amad-loire.fr\/index.php?rest_route=\/wp\/v2\/pages\/38\/revisions"}],"predecessor-version":[{"id":1045,"href":"https:\/\/amad-loire.fr\/index.php?rest_route=\/wp\/v2\/pages\/38\/revisions\/1045"}],"wp:attachment":[{"href":"https:\/\/amad-loire.fr\/index.php?rest_route=%2Fwp%2Fv2%2Fmedia&parent=38"}],"curies":[{"name":"wp","href":"https:\/\/api.w.org\/{rel}","templated":true}]}}

<div data-elementor-type="wp-page" data-elementor-id="38" class="elementor elementor-38">
				<div class="elementor-element elementor-element-6a2929b e-flex e-con-boxed e-con e-parent" data-id="6a2929b" data-element_type="container">
					<div class="e-con-inner">
				<div class="elementor-element elementor-element-7bde4cb elementor-widget elementor-widget-spacer" data-id="7bde4cb" data-element_type="widget" data-widget_type="spacer.default">
							<div class="elementor-spacer">
			<div class="elementor-spacer-inner"></div>
		</div>
						</div>
					</div>
				</div>
		<div class="elementor-element elementor-element-714dcc6 e-flex e-con-boxed e-con e-parent" data-id="714dcc6" data-element_type="container">
					<div class="e-con-inner">
				<div class="elementor-element elementor-element-d4abb58 elementor-widget elementor-widget-image" data-id="d4abb58" data-element_type="widget" data-widget_type="image.default">
															<img fetchpriority="high" decoding="async" width="250" height="300" src="https://amad-loire.fr/wp-content/uploads/2026/01/AMAD-seul-250x300.png" class="attachment-medium size-medium wp-image-1008" alt="" srcset="https://amad-loire.fr/wp-content/uploads/2026/01/AMAD-seul-250x300.png 250w, https://amad-loire.fr/wp-content/uploads/2026/01/AMAD-seul-768x922.png 768w, https://amad-loire.fr/wp-content/uploads/2026/01/AMAD-seul.png 817w" sizes="(max-width: 250px) 100vw, 250px" />															</div>
					</div>
				</div>
		<div class="elementor-element elementor-element-409dbed e-flex e-con-boxed e-con e-parent" data-id="409dbed" data-element_type="container">
					<div class="e-con-inner">
				<div class="elementor-element elementor-element-d50154b elementor-widget elementor-widget-spacer" data-id="d50154b" data-element_type="widget" data-widget_type="spacer.default">
							<div class="elementor-spacer">
			<div class="elementor-spacer-inner"></div>
		</div>
						</div>
					</div>
				</div>
		<div class="elementor-element elementor-element-ec34bce e-flex e-con-boxed e-con e-parent" data-id="ec34bce" data-element_type="container">
					<div class="e-con-inner">
				<div class="elementor-element elementor-element-b51650d elementor-widget elementor-widget-cta" data-id="b51650d" data-element_type="widget" data-settings="{&quot;layout_preset&quot;:&quot;storytelling&quot;,&quot;content_alignment&quot;:&quot;center&quot;,&quot;content_alignment_tablet&quot;:&quot;center&quot;,&quot;content_alignment_mobile&quot;:&quot;center&quot;,&quot;image_shape&quot;:&quot;sharp&quot;,&quot;primary_button_shape&quot;:&quot;default&quot;,&quot;secondary_button_shape&quot;:&quot;default&quot;,&quot;cta_width&quot;:&quot;default&quot;,&quot;cta_position&quot;:&quot;default&quot;,&quot;box_shape&quot;:&quot;sharp&quot;}" data-widget_type="cta.default">
				<div class="elementor-widget-container">
							<div class="has-shape-sharp shape-type-box ehp-cta has-preset-storytelling">
			<div class="ehp-cta__overlay"></div>
			<div class="ehp-cta__elements-container">
						<div class="ehp-cta__text-container">
			<h2 class="ehp-cta__heading">Qui sommes nous ?</h2><p class="ehp-cta__description"><div style="font-family: 'Poppins', sans-serif;font-size: 18px;line-height: 1.7;color: #333">

  <p>
    <strong>AMAD</strong> est un groupement d’associations à but non lucratif (loi 1901). 
    Le groupe œuvre depuis plus de trente ans auprès des publics fragiles.
  </p>

  <p>
    Fondé en 1995 par sa directrice <strong>Madame Bouanani</strong>, sous le nom d'origine Maintien à Domicile du Forez, AMAD s’est développé sur la plaine du Forez, Saint-Étienne et l’Ondaine.  
  </p>

  <p>
    Au fil des années, le développement d’AMAD s’est traduit par l’ouverture de plusieurs services facilitant 
    et améliorant le maintien à domicile pour la population ligérienne :
  </p>

  <div style="margin-left:25px">
    – AMAD Aide et Soins : Service d’aide et d’accompagnement à domicile<br>
    – Service d'aide et soins à domicile (service autonomie mixte)<br>
    – Accueil de jour Alzheimer et troubles apparentés<br>
    – Résidences autonomie<br>
    – Centres de santé
  </div>

  <h3 style="margin-top:25px;color:#bf246b">Les missions d’AMAD</h3>
  <p>
    Anciennement <em>Maintien à domicile du Forez</em>, AMAD est devenu une structure de référence sur son territoire en valorisant deux missions essentielles :
  </p>

  <div style="margin-left:25px">
    – Proposer des emplois stables et qualifiants à des femmes en difficulté avec l’emploi<br>
    – Développer et améliorer le maintien à domicile des personnes âgées, handicapées, 
      affectées par des maladies chroniques, ou en sortie d’hospitalisation
  </div>

  <h3 style="margin-top:25px;color:#bf246b">L'organisation d'AMAD</h3>
  <p>
    Notre groupement d’associations porte une attention particulière à la qualité de service, 
    au recrutement et à la formation de ses salariés.
  </p>
  <p>
Nos services sont organisés de la manière suivante :
  </p>

  <div style="margin-left:25px">
    – <strong>AMAD Aide et Soins</strong>  : service automie à domicile mixte sur la plaine du Forez<br>
    – <strong>AMAD Aide et Accompagnement</strong> : service d'aide et accompagnement à domicile<br>
    – <strong>AMAD Soins</strong> : Accueil de jour à Andrézieux-Bouthéon<br>
    – <strong>AMAD Hébergement</strong> : résidences autonomie à Saint-Marcellin-en-Forez, Saint-Romain-le-Puy et Feurs<br>
    – <strong>AMAD Médical</strong> : centres de santé à Veauche et Saint-Étienne<br>
   – <strong>AMAD Services</strong> : siège et services administratifs<br>
  </div>

  <h3 style="margin-top:25px;color:#bf246b">Nos principes éthiques et déontologiques</h3>
  <p>
    AMAD propose une accompagnement de qualité, respectueuse de la personne et de ses droits, 
    dans une relation fondée sur la confiance.  
    Chaque prise en charge repose sur <strong>quatre principes fondamentaux</strong> :
  </p>

  <h4 style="margin-top:20px;color:#bf246b">Principe n°1 – Le respect de la personne</h4>
  <p>
    Il implique réserve et discrétion de la part de chaque salarié et membre de l’association, 
    tout au long de la prise en charge.
  </p>

  <div style="margin-left:25px">
    – Respect des droits civiques, des opinions, convictions politiques et croyances religieuses<br>
    – Respect de l’espace de vie privée, de l’intimité, de l’intégrité et de la dignité<br>
    – Respect des biens, avec interdiction de recevoir délégation de pouvoir, donation ou dépôt de fonds<br>
    – Respect de la culture, du choix de vie et du projet de vie de la personne<br>
    – Respect de la confidentialité des informations confiées<br>
    – Accès libre aux informations contenues dans le dossier
  </div>

  <h4 style="margin-top:20px;color:#bf246b">Principe n°2 – Une intervention individualisée et de qualité</h4>
  <div style="margin-left:25px">
    – Offrir un service adapté aux besoins et attentes exprimés ou latents<br>
    – Limiter les prestations aux besoins réels de l’usager<br>
    – Favoriser la participation active de l’usager et de son entourage<br>
    – Encourager l’autonomie : faire avec, aider à faire, apprendre à faire<br>
    – Garantir transparence, consentement éclairé et libre choix<br>
    – Coordonner l’accompagnement avec les partenaires sociaux et médico-sociaux si nécessaire
  </div>

  <h4 style="margin-top:20px;color:#bf246b">Principe n°3 – Une juste distance professionnelle</h4>
  <p>
    Éviter aussi bien une relation exclusivement technique qu’une relation trop affective.
  </p>

  <h4 style="margin-top:20px;color:#bf246b">Principe n°4 – Une protection des personnes</h4>
  <div style="margin-left:25px">
    – Protéger l’usager contre toute pratique non satisfaisante ou malveillante<br>
    – Prévenir toute maltraitance ou situation mettant en danger la personne<br>
    – Assurer la protection des salariés contre le harcèlement et les discriminations
  </div>

</div></p>		</div>
					<div class="ehp-cta__ctas-container has-cta-width-default">
				<div class="ehp-cta__buttons-wrapper">
							<a class="has-shape-default shape-type-button ehp-button ehp-button--primary ehp-cta__button ehp-cta__button--primary is-type-button" href="https://amad-loire.fr/wp-content/uploads/2025/11/Charte-bientraitance-1.pdf">
					<span class="ehp-button__text ehp-cta__button-text ehp-cta__button-text--primary">
			Consulter notre charte de bientraitance				</a>
									<a class="has-shape-default shape-type-button ehp-button ehp-button--secondary ehp-cta__button ehp-cta__button--secondary is-type-button has-border" href="https://amad-loire.fr/wp-content/uploads/2025/11/Journal-annuel-2024-AMAD-INFOS.pdf">
					<span class="ehp-button__text ehp-cta__button-text ehp-cta__button-text--secondary">
			Consulter notre journal annuel				</a>
						</div>
			</div>
					</div>
		</div>
						</div>
				</div>
					</div>
				</div>
				</div>

<p>Qui sommes nous ? AMAD est un groupement d’associations à but non lucratif (loi 1901). Le groupe œuvre depuis plus de trente ans auprès des publics fragiles. Fondé en 1995 par sa directrice Madame Bouanani, sous le nom d&rsquo;origine Maintien à Domicile du Forez, AMAD s’est développé sur la plaine du Forez, Saint-Étienne et l’Ondaine. [&hellip;]</p>
